is the remainder when 8882 is divided by 254?
246
Calculate the remainder when 37832 is divided by 136.
24
What is the remainder when 6213 is divided by 168?
165
Calculate the remainder when 643576 is divided by 446.
444
What is the remainder when 57075 is divided by 27?
24
What is the remainder when 122418 is divided by 40806?
0
Calculate the remainder when 951694 is divided by 32817.
1
What is the remainder when 3199 is divided by 835?
694
What is the remainder when 726106 is divided by 205?
201
Calculate the remainder when 1301 is divided by 1036.
265
What is the remainder when 47370 is divided by 7?
1
What is the remainder when 16818 is divided by 1860?
78
What is the remainder when 1433 is divided by 471?
20
What is the remainder when 316889 is divided by 14?
13
Calculate the remainder when 6663 is divided by 556.
547
Calculate the remainder when 17001 is divided by 1166.
677
What is the remainder when 6863 is divided by 11?
10
Calculate the remainder when 900 is divided by 772.
128
Calculate the remainder when 31958 is divided by 10650.
8
What is the remainder when 10640 is divided by 441?
56
What is the remainder when 26411 is divided by 71?
70
Calculate the remainder when 15464 is divided by 7.
1
Calculate the remainder when 2244 is divided by 2.
0
Calculate the remainder when 106455 is divided by 29.
25
Calculate the remainder when 2602 is divided by 31.
29
Calculate the remainder when 18235 is divided by 12.
7
What is the remainder when 23870578 is divided by 20?
18
Calculate the remainder when 1199405 is divided by 11.
9
Calculate the remainder when 1915054 is divided by 104.
102
What is the remainder when 25872 is divided by 1038?
960
What is the remainder when 9532 is divided by 8?
4
What is the remainder when 11207 is divided by 3?
2
Calculate the remainder when 38630 is divided by 237.
236
Calculate the remainder when 1112025 is divided by 122.
117
Calculate the remainder when 7121 is divided by 593.
5
What is the remainder when 412425 is divided by 178?
177
Calculate the remainder when 2932 is divided by 184.
172
What is the remainder when 5575 is divided by 36?
31
What is the remainder when 1013 is divided by 229?
97
What is the remainder when 187419 is divided by 525?
519
What is the remainder when 11449 is divided by 5623?
203
What is the remainder when 171581 is divided by 12254?
25
Calculate the remainder when 11327551 is divided by 1868.
1867
Calculate the remainder when 5744173 is divided by 475.
473
Calculate the remainder when 40099 is divided by 1604.
1603
What is the remainder when 2570809 is divided by 53?
44
What is the remainder when 21041 is divided by 1576?
553
What is the remainder when 2776 is divided by 395?
11
What is the remainder when 39891 is divided by 33?
27
What is the remainder when 89247 is divided by 29723?
78
What is the remainder when 2411 is divided by 162?
143
Calculate the remainder when 47615 is divided by 117.
113
Calculate the remainder when 93673 is divided by 1801.
21
Calculate the remainder when 19138 is divided by 17.
13
What is the remainder when 3059 is divided by 383?
378
What is the remainder when 85582 is divided by 88?
46
What is the remainder when 1349 is divided by 319?
73
What is the remainder when 3209 is divided by 764?
153
Calculate the remainder when 40652 is divided by 373.
368
Calculate the remainder when 1852809 is divided by 111.
108
What is the remainder when 3085987 is divided by 41?
40
Calculate the remainder when 40384 is divided by 45.
19
What is the remainder when 150400 is divided by 37?
32
Calculate the remainder when 4779 is divided by 952.
19
Calculate the remainder when 94689 is divided by 3507.
0
Calculate the remainder when 290961 is divided by 36369.
9
What is the remainder when 89268 is divided by 404?
388
What is the remainder when 61764 is divided by 50?
14
Calculate the remainder when 5244 is divided by 29.
24
What is the remainder when 10421 is divided by 6?
5
What is the remainder when 5657 is divided by 2801?
55
Calculate the remainder when 9392 is divided by 106.
64
What is the remainder when 59305 is divided by 276?
241
Calculate the remainder when 667521 is divided by 52.
49
Calculate the remainder when 6424 is divided by 3.
1
What is the remainder when 9118 is divided by 4532?
54
What is the remainder when 577227 is divided by 16?
11
What is the remainder when 7486 is divided by 2347?
445
Calculate the remainder when 63382 is divided by 125.
7
Calculate the remainder when 134698 is divided by 4.
2
What is the remainder when 1485 is divided by 93?
90
What is the remainder when 1288 is divided by 160?
8
Calculate the remainder when 4717 is divided by 1381.
574
Calculate the remainder when 207294 is divided by 14.
10
Calculate the remainder when 135243 is divided by 106.
93
Calculate the remainder when 325 is divided by 116.
93
Calculate the remainder when 440 is divided by 339.
101
What is the remainder when 13360 is divided by 254?
152
What is the remainder when 1231926 is divided by 205321?
0
What is the remainder when 15131 is divided by 1094?
909
Calculate the remainder when 18021 is divided by 92.
81
Calculate the remainder when 1952 is divided by 850.
252
Calculate the remainder when 158174 is divided by 34.
6
Calculate the remainder when 278873 is divided by 1120.
1113
What is the remainder when 274 is divided by 161?
113
What is the remainder when 442720 is divided by 293?
290
What is the remainder when 18650 is divided by 301?
289
What is the remainder when 736595 is divided by 1160?
1155
Calculate the remainder when 21767 is divided by 850.
517
What is the remainder when 189032 is divided by 55?
52
Calculate the remainder when 6210 is divided by 36.
18
What is the remainder when 1225 is divided by 288?
73
What is the remainder when 9869 is divided by 2459?
33
What is the remainder when 23396 is divided by 23386?
10
What is the remainder when 2520 is divided by 393?
162
Calculate the remainder when 90847 is divided by 11355.
7
Calculate the remainder when 414322 is divided by 297.
7
Calculate the remainder when 1978 is divided by 694.
590
What is the remainder when 4959 is divided by 350?
59
What is the remainder when 6935 is divided by 915?
530
Calculate the remainder when 7366772 is divided by 25.
22
Calculate the remainder when 197951 is divided by 19791.
41
What is the remainder when 2835 is divided by 352?
19
Calculate the remainder when 1942 is divided by 72.
70
What is the remainder when 1382 is divided by 441?
59
What is the remainder when 24768 is divided by 17?
16
What is the remainder when 25395 is divided by 19?
11
Calculate the remainder when 15729 is divided by 38.
35
Calculate the remainder when 27192 is divided by 197.
6
What is the remainder when 6735 is divided by 6592?
143
Calculate the remainder when 16120 is divided by 139.
135
Calculate the remainder when 8966 is divided by 1767.
131
What is the remainder when 10303 is divided by 1020?
103
Calculate the remainder when 367 is divided by 134.
99
What is the remainder when 33573 is divided by 33517?
56
What is the remainder when 12882 is divided by 11536?
1346
Calculate the remainder when 4861723 is divided by 355.
353
What is the remainder when 775 is divided by 186?
31
What is the remainder when 94242 is divided by 2139?
126
What is the remainder when 35896 is divided by 677?
15
What is the remainder when 63018 is divided by 5728?
10
Calculate the remainder when 1784 is divided by 31.
17
Calculate the remainder when 872 is divided by 859.
13
What is the remainder when 273 is divided by 50?
23
Calculate the remainder when 20549 is divided by 285.
29
Calculate the remainder when 3718 is divided by 34.
12
What is the remainder when 27854 is divided by 2319?
26
Calculate the remainder when 1058 is divided by 314.
116
What is the remainder when 2187 is divided by 26?
3
Calculate the remainder when 15532 is divided by 2632.
2372
What is the remainder when 46989 is divided by 10?
9
Calculate the remainder when 438 is divided by 330.
108
Calculate the remainder when 334 is divided by 43.
33
Calculate the remainder when 3092 is divided by 4.
0
What is the remainder when 18275 is divided by 18268?
7
What is the remainder when 990658 is divided by 1045?
1043
Calculate the re